 the remainder when 2153 is divided by 40.
33
What is the remainder when 5149 is divided by 17?
15
Calculate the remainder when 34 is divided by 19.
15
What is the remainder when 53 is divided by 10?
3
Calculate the remainder when 82 is divided by 14.
12
Calculate the remainder when 5858 is divided by 63.
62
What is the remainder when 620 is divided by 33?
26
Calculate the remainder when 2351 is divided by 18.
11
Calculate the remainder when 139 is divided by 1.
0
Calculate the remainder when 199 is divided by 50.
49
Calculate the remainder when 6493 is divided by 32.
29
Calculate the remainder when 283 is divided by 15.
13
Calculate the remainder when 284 is divided by 29.
23
Calculate the remainder when 4933 is divided by 13.
6
What is the remainder when 14673 is divided by 13?
9
Calculate the remainder when 2068 is divided by 23.
21
Calculate the remainder when 371 is divided by 357.
14
What is the remainder when 5862 is divided by 8?
6
What is the remainder when 572 is divided by 239?
94
What is the remainder when 353 is divided by 53?
35
Calculate the remainder when 93 is divided by 32.
29
What is the remainder when 44 is divided by 33?
11
Calculate the remainder when 337 is divided by 72.
49
Calculate the remainder when 741 is divided by 24.
21
Calculate the remainder when 1253 is divided by 23.
11
What is the remainder when 117 is divided by 59?
58
What is the remainder when 569 is divided by 116?
105
Calculate the remainder when 295 is divided by 74.
73
What is the remainder when 4523 is divided by 146?
143
Calculate the remainder when 10515 is divided by 13.
11
What is the remainder when 142 is divided by 26?
12
Calculate the remainder when 2451 is divided by 1223.
5
What is the remainder when 404 is divided by 8?
4
What is the remainder when 46803 is divided by 29?
26
Calculate the remainder when 860 is divided by 46.
32
Calculate the remainder when 454 is divided by 6.
4
Calculate the remainder when 824 is divided by 77.
54
What is the remainder when 224 is divided by 25?
24
What is the remainder when 67 is divided by 35?
32
Calculate the remainder when 1970 is divided by 42.
38
What is the remainder when 430 is divided by 145?
140
What is the remainder when 7506 is divided by 833?
9
Calculate the remainder when 118 is divided by 26.
14
Calculate the remainder when 348 is divided by 44.
40
What is the remainder when 149 is divided by 77?
72
What is the remainder when 524 is divided by 261?
2
Calculate the remainder when 2 is divided by 1.
0
What is the remainder when 410 is divided by 397?
13
What is the remainder when 1216 is divided by 61?
57
What is the remainder when 686 is divided by 138?
134
What is the remainder when 10485 is divided by 29?
16
Calculate the remainder when 4083 is divided by 1354.
21
Calculate the remainder when 865 is divided by 58.
53
Calculate the remainder when 4740 is divided by 24.
12
Calculate the remainder when 28 is divided by 7.
0
Calculate the remainder when 71 is divided by 8.
7
What is the remainder when 205 is divided by 13?
10
Calculate the remainder when 279 is divided by 22.
15
Calculate the remainder when 28 is divided by 17.
11
Calculate the remainder when 57899 is divided by 12.
11
What is the remainder when 964 is divided by 69?
67
Calculate the remainder when 445 is divided by 32.
29
What is the remainder when 157 is divided by 81?
76
What is the remainder when 166 is divided by 40?
6
Calculate the remainder when 75 is divided by 37.
1
What is the remainder when 2163 is divided by 72?
3
What is the remainder when 34 is divided by 11?
1
Calculate the remainder when 84 is divided by 22.
18
What is the remainder when 250 is divided by 80?
10
What is the remainder when 190 is divided by 13?
8
What is the remainder when 449 is divided by 9?
8
Calculate the remainder when 342 is divided by 107.
21
Calculate the remainder when 467 is divided by 78.
77
Calculate the remainder when 1197 is divided by 60.
57
Calculate the remainder when 2525 is divided by 47.
34
What is the remainder when 5939 is divided by 12?
11
Calculate the remainder when 73 is divided by 37.
36
What is the remainder when 1505 is divided by 63?
56
Calculate the remainder when 1350 is divided by 124.
110
What is the remainder when 28 is divided by 13?
2
Calculate the remainder when 8391 is divided by 240.
231
Calculate the remainder when 161 is divided by 25.
11
What is the remainder when 1702 is divided by 563?
13
Calculate the remainder when 909 is divided by 114.
111
Calculate the remainder when 594 is divided by 10.
4
What is the remainder when 1648 is divided by 66?
64
What is the remainder when 1564 is divided by 27?
25
Calculate the remainder when 291 is divided by 59.
55
Calculate the remainder when 1405 is divided by 461.
22
What is the remainder when 77 is divided by 20?
17
Calculate the remainder when 4790 is divided by 35.
30
What is the remainder when 142 is divided by 139?
3
What is the remainder when 366 is divided by 9?
6
Calculate the remainder when 288 is divided by 288.
0
Calculate the remainder when 104 is divided by 27.
23
What is the remainder when 328 is divided by 22?
20
Calculate the remainder when 1015 is divided by 9.
7
What is the remainder when 1836 is divided by 71?
61
What is the remainder when 286 is divided by 37?
27
Calculate the remainder when 955 is divided by 40.
35
What is the remainder when 43 is divided by 42?
1
Calculate the remainder when 2859 is divided by 18.
15
What is the remainder when 150 is divided by 81?
69
What is the remainder when 8148 is divided by 163?
161
What is the remainder when 119 is divided by 33?
20
What is the remainder when 4455 is divided by 51?
18
What is the remainder when 1080 is divided by 40?
0
What is the remainder when 844 is divided by 55?
19
What is the remainder when 1602 is divided by 102?
72
What is the remainder when 1258 is divided by 90?
88
Calculate the remainder when 133 is divided by 69.
64
What is the remainder when 311 is divided by 77?
3
Calculate the remainder when 11755 is divided by 3905.
40
Calculate the remainder when 1157 is divided by 40.
37
What is the remainder when 267 is divided by 18?
15
Calculate the remainder when 23 is divided by 23.
0
Calculate the remainder when 83 is divided by 14.
13
Calculate the remainder when 1078 is divided by 1065.
13
Calculate the remainder when 406 is divided by 12.
10
Calculate the remainder when 402 is divided by 202.
200
Calculate the remainder when 411 is divided by 5.
1
Calculate the remainder when 98 is divided by 9.
8
Calculate the remainder when 690 is divided by 687.
3
What is the remainder when 1352 is divided by 17?
9
What is the remainder when 831 is divided by 16?
15
What is the remainder when 298 is divided by 38?
32
What is the remainder when 6090 is divided by 86?
70
Calculate the remainder when 77 is divided by 53.
24
What is the remainder when 665 is divided by 18?
17
What is the remainder when 909 is divided by 14?
13
What is the remainder when 1727 is divided by 123?
5
What is the remainder when 4113 is divided by 1028?
1
What is the remainder when 132011 is divided by 171?
170
What is the remainder when 83 is divided by 24?
11
Calculate the remainder when 167 is divided by 24.
23
What is the remainder when 760 is divided by 251?
7
What is the remainder when 167 is divided by 50?
17
What is the remainder when 84 is divided by 22?
18
Calculate the remainder when 4976 is divided by 21.
20
Calculate the remainder when 193 is divided by 51.
40
Calculate the remainder when 124 is divided by 55.
14
What is the remainder when 69 is divided by 9?
6
Calculate the remainder when 67 is divided by 28.
11
What is the remainder when 4588 is divided by 1526?
10
What is the remainder when 238 is divided by 68?
34
Calculate the remainder when 283 is divided by 40.
3
Calculate the remainder when 2342 is divided by 33.
32
What is the remainder when 18 is divided by 16?
2
What is the remainder when 2896 is divided by 14?
12
Calculate the remainder when 684 is divided by 30.
24
Calculate the remainder when 1698 is divided by 25.
23
What is the remainder when 87 is divided by 33?
21
Calculate the remainder when 256 is divided by 43.
41
What is the remainder when 772 is divided by 155?
152
What is t